 (-310)/4*(26 + (-1296)/45). Calculate the greatest common divisor of z and 7.
7
Let v be (-10)/45 - 22/(-18). Let s(y) = y**3 - 8*y + 3. Let m be s(0). What is the highest common factor of m and v?
1
Suppose -2*r + 18 = -42. Suppose 46 = -z + 70. Let v = z + -14. What is the highest common divisor of r and v?
10
Let k(q) = q**3 - 15*q**2 - 34*q + 4. Let r = 93 - 76. Let f be k(r). What is the highest common divisor of f and 64?
4
Let x = 4129 - 4127. Let s(g) be the third derivative of g**6/120 + g**5/20 - g**3/2 - g**2. Let m be s(x). Calculate the highest common factor of 187 and m.
17
Suppose 126 = -4*u + 5726. Suppose 22*b - u = 448. Let r = -18 - -30. Calculate the greatest common divisor of b and r.
12
Let i(t) = -t + 3. Let o be i(0). Suppose -o*a + 89 = -76. Let k be (170/272)/(14/112). Calculate the greatest common factor of a and k.
5
Suppose 5*a - 6 = -4*u + 2*u, 4*u = a - 10. Suppose a*m - 6*m - 3*n + 186 = 0, -51 = -m - 3*n. Calculate the highest common divisor of m and 45.
45
Let y(q) = 10*q**2 - 6*q + 2. Let d be y(2). Let r = 50 - d. Let f = 87 + -47. Calculate the highest common divisor of r and f.
20
Let a be 60996/5070 + (-4)/130. Let w = 169 - 121. What is the greatest common factor of w and a?
12
Suppose 0 = -12*q + 605 - 521. Calculate the greatest common divisor of 11851 and q.
7
Let m be 2/(-1)*42/84*-63. Suppose 4 = -n, 0 = 3*h + n + 2*n - 204. Calculate the highest common factor of h and m.
9
Suppose -44*z + 5235 = -2289. Calculate the highest common factor of z and 9975.
57
Suppose -294 + 74 = -4*b. Suppose -h = -2*q - 30, 2*q = -5*h + 10*q + 142. What is the highest common divisor of h and b?
11
Let a = -389 - -398. Suppose -q = -k - 0*q + 193, a = -3*q. Calculate the greatest common factor of k and 30.
10
Let u(k) = -k + 33. Let g be u(11). Let b be (10 + (-2)/(-2))*(1 - -25). What is the greatest common factor of b and g?
22
Let i = 4 + -9. Let h(a) = a**3 + 6*a**2 + 2*a - 7. Let x be h(i). Suppose 673 + 3331 + 76 = 102*p. What is the greatest common divisor of x and p?
8
Suppose 217 = 10*d - 763. Suppose -382 = 14*n - 410. Calculate the greatest common divisor of d and n.
2
Let r(c) = 2*c**3 - 22*c**2 + 10*c + 26. Let a be r(15). What is the highest common divisor of a and 760?
152
Let v = 29 - -8. Let c = v - 36. Let b be (-7)/21*(c + -10). What is the greatest common divisor of b and 9?
3
Let v(c) = c**3 + 38*c**2 + 28*c - 21. Let m be v(-37). What is the greatest common factor of m and 96?
24
Suppose 0 = 18*c + 34 - 7558. Let y = c + -235. What is the highest common divisor of 305 and y?
61
Let u be -23 + (33 + 36 - 25). Let n(g) = g**2 + 3 + 2*g + 0*g - 7*g. Let d be n(5). What is the greatest common factor of d and u?
3
Let u(j) = 2*j + 35. Suppose 0 = h - o - 8, 0 = o - 4. Suppose -9*v + h*v = -36. Let r be u(v). Calculate the greatest common factor of 1 and r.
1
Let r = 18823 + -18757. What is the greatest common divisor of 45606 and r?
66
Let x(m) = 61*m - 122*m + 62*m + 4. Let v be x(-2). Suppose l - 2*l + 94 = 4*z, 2*z - v = 0. Calculate the highest common factor of l and 225.
45
Let g(l) = 1425*l - 2826. Let q be g(2). What is the highest common divisor of q and 448?
8
Suppose -67*y - 3*n + 79 = -62*y, -2*y + 25 = -n. Calculate the greatest common factor of 2212 and y.
14
Let c be 0 + (-52)/8*-2. Suppose -27 = -2*v + c. Suppose -g + 73 = 23. What is the highest common factor of g and v?
10
Let x(t) = -7*t - 77. Let o be x(-9). Let p be 15852/84 - 4/o. Calculate the highest common factor of 21 and p.
21
Let p(s) = -2202*s - 30. Let w be p(-3). Let t be 36/(-63) - w/(-42). Calculate the highest common divisor of 104 and t.
52
Let t(x) = -12*x**2 - 268*x + 39. Let o be t(-11). Calculate the greatest common divisor of 5 and o.
5
Suppose 13414 = 17*j + 1055. Let y = j + -583. What is the greatest common factor of 32 and y?
16
Let q = -831 + 912. Let n be (-6 + 3)*(-63)/1. Calculate the greatest common factor of q and n.
27
Let y = -2726 - -4182. Suppose 0 = -n - 5, -3*h - 11*n + 16*n + y = 0. What is the greatest common factor of 106 and h?
53
Suppose 0 = -33*z + 5911 + 20522. Calculate the highest common factor of 99 and z.
9
Suppose -126957 = -25*c - 207*c + 31267. Calculate the greatest common divisor of 110 and c.
22
Let m(o) = 237*o + 11161. Let j be m(-45). What is the highest common divisor of j and 2325?
31
Let c(k) = 31*k**2 - 4*k + 1. Let f be c(-4). Let a(x) = 3*x**2 - 738*x + 5766. Let g be a(8). Calculate the greatest common divisor of g and f.
27
Suppose -12038 + 3008 = -301*y. Calculate the highest common divisor of y and 912.
6
Let w = 1204 + -772. Suppose 0 = 22*n - 27*n + 45. Calculate the highest common divisor of w and n.
9
Let y(o) = -o**2 - 16*o - 5. Let a be y(-42). Let z = -1079 - a. Let v(m) = 2*m**2 - 7*m. Let w be v(6). What is the highest common divisor of w and z?
6
Let p(v) = v**3 + 82. Let y be p(0). Suppose 2*u = -10*u + 3191 - 731. Calculate the highest common divisor of u and y.
41
Suppose 4199 = 407*g - 8825. Let a(l) = l + 12. Let f be a(-10). Calculate the highest common factor of f and g.
2
Suppose 4*q - 8*f = -78 + 46, 23 = -q + 5*f. Suppose -2*a = -a - 24. Suppose 0*h - 4*h = -a. Calculate the highest common divisor of q and h.
2
Let j = -27 - -30. Suppose 2*p - 4*d = -2, 5*d - 9 - 16 = 0. What is the greatest common factor of p and j?
3
Let z(h) = h**2 + 22*h - 1. Let d be z(-22). Let o be (-182)/78*(d - 1 - 1). Calculate the highest common factor of o and 1.
1
Let f(z) = 224*z**2 - 129*z - 129. Let q be f(-1). What is the greatest common divisor of 112 and q?
112
Let l = -24 + 21. Let y be 1/l + 5/(-3). Let g be (-214)/(-3) - y/3. What is the highest common divisor of g and 180?
36
Suppose q - 10853 = -4*f, 16*f - 2722 = 15*f + q. Calculate the greatest common factor of 165 and f.
15
Suppose 16 = 5*u - o, -5*u + 3 + 16 = -4*o. Suppose u*m + 3*t - t = 13, -2*t + 1 = -m. Suppose 77 = m*z + 8. What is the highest common divisor of 115 and z?
23
Suppose 10 = 5*o - 0. Let h be (-2)/o - (-2 - 2). Suppose -h*x + 245 = w, -8 - 2 = -2*w. Calculate the greatest common divisor of x and 16.
16
Let o(z) = -217*z + 1269. Let d be o(-27). Calculate the greatest common divisor of 81 and d.
81
Let r be (452/6)/((-90)/(-135)) + -9. Calculate the greatest common factor of r and 429.
13
Let h be (-8)/(-6) + (24 - (-2660)/57). Suppose -2*o - 72 = -4*o. What is the greatest common factor of h and o?
36
Let p = 4854 + 19086. Calculate the highest common divisor of 60 and p.
60
Suppose 49*f = 488*f + 336*f - 1654625. Calculate the greatest common divisor of f and 1295.
35
Let a = -1913 + 3812. Calculate the greatest common factor of 18 and a.
9
Suppose -40*a + 38*a - h = -251, -3 = -3*h. Let q = a + -6. What is the greatest common divisor of 7 and q?
7
Suppose 174*a - 170*a = -2*k + 344, -462 = -3*k + 3*a. What is the greatest common divisor of 352 and k?
32
Let u be (-3 - (-292 + 0)) + 3. Let p be (12/(-14))/(((-230)/28 - 0) + 8). What is the greatest common factor of p and u?
4
Let f = -23544 + 23985. What is the greatest common factor of 2583 and f?
63
Let s(o) = -o - 149. Let a be s(-10). Let j = a - -144. Calculate the highest common factor of j and 95.
5
Suppose -12*p = -16*p + 144. Suppose -4*m = -9*m + 3*x + p, -2*m = 2*x - 24. What is the greatest common divisor of 3 and m?
3
Let b be (-1 - -7) + -34 + 38. What is the highest common factor of 70 and b?
10
Let x = -5742 - -10936. Calculate the greatest common factor of x and 212.
106
Suppose a + 934 = 5*w + 809, -111 = -4*w + 3*a. Let b = 2 - -3. Suppose -b*r = -2*x + 9, -x + 7 + 8 = r. What is the greatest common factor of w and x?
12
Suppose 0 = 12*w - 6*w - 24. Suppose y - 2 + 10 = w*k, -5*y - k + 2 = 0. Let h = y - -10. What is the highest common factor of h and 80?
10
Let t(l) = 16*l + 17*l - 12*l + 6*l**2 - 67. Let k be t(3). Calculate the highest common divisor of k and 70.
10
Let i(c) = c**3 + 6*c**2 - 3*c - 9. Suppose -8*g = -179 - 157. Suppose 0 = g*k - 41*k + 6. Let a be i(k). Calculate the greatest common divisor of a and 45.
9
Let q be 8/(-3)*135/(-60). Let b(x) = 30*x - 161. Let c be b(q). Suppose 5*f = 120 - 25. What is the highest common factor of c and f?
19
Suppose u + 4*v - 980 = -u, 16*u = 5*v + 7766. What